{"id":10499,"date":"2024-09-01T13:37:52","date_gmt":"2024-09-01T11:37:52","guid":{"rendered":"http:\/\/89.117.56.145\/cukiernia.pl\/?page_id=10499"},"modified":"2024-10-30T12:59:38","modified_gmt":"2024-10-30T11:59:38","slug":"szkolenia-stacjonarne","status":"publish","type":"page","link":"https:\/\/cakeartak.pl\/index.php\/szkolenia-stacjonarne\/","title":{"rendered":"Szkolenia stacjonarne"},"content":{"rendered":"\t\t<div data-elementor-type=\"wp-page\" data-elementor-id=\"10499\" class=\"elementor elementor-10499\">\n\t\t\t\t\t\t<div class=\"elementor-section elementor-top-section elementor-element elementor-element-221e75a elementor-section-stretched elementor-section-boxed elementor-section-height-default elementor-section-height-default\" data-id=\"221e75a\" data-element_type=\"section\" data-settings=\"{&quot;stretch_section&quot;:&quot;section-stretched&quot;}\">\n\t\t\t\t\t\t<div class=\"elementor-container elementor-column-gap-default\">\n\t\t\t\t\t<div class=\"elementor-column elementor-col-100 elementor-top-column elementor-element elementor-element-7c3b0ca\" data-id=\"7c3b0ca\" data-element_type=\"column\" data-settings=\"{&quot;background_background&quot;:&quot;classic&quot;}\">\n\t\t\t<div class=\"elementor-widget-wrap elementor-element-populated\">\n\t\t\t\t\t\t<div class=\"elementor-element elementor-element-ee57d36 elementor-widget elementor-widget-heading\" data-id=\"ee57d36\" data-element_type=\"widget\" data-widget_type=\"heading.default\">\n\t\t\t\t<div class=\"elementor-widget-container\">\n\t\t\t<h4 class=\"elementor-heading-title elementor-size-default\">SZKOLENIA<\/h4>\t\t<\/div>\n\t\t\t\t<\/div>\n\t\t\t\t<div class=\"elementor-element elementor-element-2b428b7 elementor-widget elementor-widget-heading\" data-id=\"2b428b7\" data-element_type=\"widget\" data-widget_type=\"heading.default\">\n\t\t\t\t<div class=\"elementor-widget-container\">\n\t\t\t<h2 class=\"elementor-heading-title elementor-size-default\">Szkolenia stacjonarne<\/h2>\t\t<\/div>\n\t\t\t\t<\/div>\n\t\t\t\t<div class=\"elementor-element elementor-element-09a3179 elementor-widget__width-initial elementor-widget-mobile_extra__width-inherit elementor-widget-tablet__width-initial elementor-widget elementor-widget-text-editor\" data-id=\"09a3179\" data-element_type=\"widget\" data-widget_type=\"text-editor.default\">\n\t\t\t\t<div class=\"elementor-widget-container\">\n\t\t\t\t\t\t\t<ul>\n<li>Szkolenie indywidualne<\/li>\n<li>Szkolenie jest praktyczne, kursant przygotowuje wszystko od pocz\u0105tku do ko\u0144ca<br>samodzielnie pod okiem szkoleniowca<\/li>\n<li>Zakres i program szkolenia ustalany jest indywidualne w zale\u017cno\u015bci od potrzeb<br>uczestnika<\/li>\n<li>Ka\u017cdy kursant zabiera ze sob\u0105 wszystkie przygotowane na szkoleniu wypieki, kt\u00f3re<br>zostaj\u0105 starannie zapakowane w kartoniki<\/li>\n<li>Skrypt szkoleniowy oraz przepisy<\/li>\n<li>Certyfikat uko\u0144czenia szkolenia<\/li>\n<li>Faktura\n<\/li>\n<\/ul>\n<p>Szkolenie indywidualne mo\u017ce odby\u0107 si\u0119 w terminie na kt\u00f3ry nie ma jeszcze rezerwacji. Je\u015bli zale\u017cy ci na konkretnym terminie, a nie ma go dost\u0119pnego w kalendarzu, napisz do mnie na&nbsp;adres email: <b>kontakt@cakeartak.pl<\/b><\/p>\n<p><\/p>\t\t\t\t\t\t<\/div>\n\t\t\t\t<\/div>\n\t\t\t\t\t<\/div>\n\t\t<\/div>\n\t\t\t\t\t<\/div>\n\t\t<\/div>\n\t\t<div class=\"elementor-element elementor-element-fceb528 e-grid e-con-full e-con e-parent\" data-id=\"fceb528\" data-element_type=\"container\">\n\t\t\t\t<div class=\"elementor-element elementor-element-d23d82b elementor-align-justify elementor-widget__width-inherit button-divider-xocora-yes elementor-widget elementor-widget-button\" data-id=\"d23d82b\" data-element_type=\"widget\" data-widget_type=\"button.default\">\n\t\t\t\t<div class=\"elementor-widget-container\">\n\t\t\t\t\t\t\t<div class=\"elementor-button-wrapper\">\n\t\t\t\t\t<a class=\"elementor-button elementor-button-link elementor-size-sm\" href=\"https:\/\/cakeartak.pl\/index.php\/szkolenie-z-dekoracja-artystyczna\/\">\n\t\t\t\t\t\t<span class=\"elementor-button-content-wrapper\">\n\t\t\t\t\t\t\t\t\t<span class=\"elementor-button-text\">Z dekoracji artystycznej<\/span>\n\t\t\t\t\t<\/span>\n\t\t\t\t\t<\/a>\n\t\t\t\t<\/div>\n\t\t\t\t\t\t<\/div>\n\t\t\t\t<\/div>\n\t\t\t\t<div class=\"elementor-element elementor-element-faeef2d elementor-align-justify elementor-widget__width-inherit button-divider-xocora-yes elementor-widget elementor-widget-button\" data-id=\"faeef2d\" data-element_type=\"widget\" data-widget_type=\"button.default\">\n\t\t\t\t<div class=\"elementor-widget-container\">\n\t\t\t\t\t\t\t<div class=\"elementor-button-wrapper\">\n\t\t\t\t\t<a class=\"elementor-button elementor-button-link elementor-size-sm\" href=\"https:\/\/cakeartak.pl\/index.php\/szkolenie-z-tortu-od-podstaw-z-figurka-z-masy-cukrowej\/\">\n\t\t\t\t\t\t<span class=\"elementor-button-content-wrapper\">\n\t\t\t\t\t\t\t\t\t<span class=\"elementor-button-text\">Z tortu od podstaw z figurk\u0105 z masy cukrowej<\/span>\n\t\t\t\t\t<\/span>\n\t\t\t\t\t<\/a>\n\t\t\t\t<\/div>\n\t\t\t\t\t\t<\/div>\n\t\t\t\t<\/div>\n\t\t\t\t<div class=\"elementor-element elementor-element-432ffda elementor-align-justify elementor-widget__width-inherit button-divider-xocora-yes elementor-widget elementor-widget-button\" data-id=\"432ffda\" data-element_type=\"widget\" data-widget_type=\"button.default\">\n\t\t\t\t<div class=\"elementor-widget-container\">\n\t\t\t\t\t\t\t<div class=\"elementor-button-wrapper\">\n\t\t\t\t\t<a class=\"elementor-button elementor-button-link elementor-size-sm\" href=\"https:\/\/cakeartak.pl\/index.php\/szkolenie-z-figurek-z-masy-cukrowej\/\">\n\t\t\t\t\t\t<span class=\"elementor-button-content-wrapper\">\n\t\t\t\t\t\t\t\t\t<span class=\"elementor-button-text\">z figurek z masy cukrowej<\/span>\n\t\t\t\t\t<\/span>\n\t\t\t\t\t<\/a>\n\t\t\t\t<\/div>\n\t\t\t\t\t\t<\/div>\n\t\t\t\t<\/div>\n\t\t\t\t<div class=\"elementor-element elementor-element-d07ed20 elementor-align-justify elementor-widget__width-inherit button-divider-xocora-yes elementor-widget elementor-widget-button\" data-id=\"d07ed20\" data-element_type=\"widget\" data-widget_type=\"button.default\">\n\t\t\t\t<div class=\"elementor-widget-container\">\n\t\t\t\t\t\t\t<div class=\"elementor-button-wrapper\">\n\t\t\t\t\t<a class=\"elementor-button elementor-button-link elementor-size-sm\" href=\"https:\/\/cakeartak.pl\/index.php\/szkolenie-z-tortu-od-podstaw-z-zaawansowana-figurka-z-masy-cukrowej\/\">\n\t\t\t\t\t\t<span class=\"elementor-button-content-wrapper\">\n\t\t\t\t\t\t\t\t\t<span class=\"elementor-button-text\">z tortu od podstaw z zaawansowan\u0105 figurk\u0105<\/span>\n\t\t\t\t\t<\/span>\n\t\t\t\t\t<\/a>\n\t\t\t\t<\/div>\n\t\t\t\t\t\t<\/div>\n\t\t\t\t<\/div>\n\t\t\t\t<div class=\"elementor-element elementor-element-f4e6a98 elementor-align-justify elementor-widget__width-inherit button-divider-xocora-yes elementor-widget elementor-widget-button\" data-id=\"f4e6a98\" data-element_type=\"widget\" data-widget_type=\"button.default\">\n\t\t\t\t<div class=\"elementor-widget-container\">\n\t\t\t\t\t\t\t<div class=\"elementor-button-wrapper\">\n\t\t\t\t\t<a class=\"elementor-button elementor-button-link elementor-size-sm\" href=\"https:\/\/cakeartak.pl\/index.php\/szkolenie-z-makaronikow-na-bazie-francuskiej-lub-wloskiej\/\">\n\t\t\t\t\t\t<span class=\"elementor-button-content-wrapper\">\n\t\t\t\t\t\t\t\t\t<span class=\"elementor-button-text\">z makaronik\u00f3w na bazie francusjkiej lub w\u0142oskiej<\/span>\n\t\t\t\t\t<\/span>\n\t\t\t\t\t<\/a>\n\t\t\t\t<\/div>\n\t\t\t\t\t\t<\/div>\n\t\t\t\t<\/div>\n\t\t\t\t<div class=\"elementor-element elementor-element-f96cc68 elementor-align-justify elementor-widget__width-inherit button-divider-xocora-yes elementor-widget elementor-widget-button\" data-id=\"f96cc68\" data-element_type=\"widget\" data-widget_type=\"button.default\">\n\t\t\t\t<div class=\"elementor-widget-container\">\n\t\t\t\t\t\t\t<div class=\"elementor-button-wrapper\">\n\t\t\t\t\t<a class=\"elementor-button elementor-button-link elementor-size-sm\" href=\"https:\/\/cakeartak.pl\/index.php\/szkolenie-z-tortu-pietrowego-z-dekoracja-artystyczna\/\">\n\t\t\t\t\t\t<span class=\"elementor-button-content-wrapper\">\n\t\t\t\t\t\t\t\t\t<span class=\"elementor-button-text\">z tortu pi\u0119trowego z dekoracj\u0105 artystyczn\u0105<\/span>\n\t\t\t\t\t<\/span>\n\t\t\t\t\t<\/a>\n\t\t\t\t<\/div>\n\t\t\t\t\t\t<\/div>\n\t\t\t\t<\/div>\n\t\t\t\t<\/div>\n\t\t<div class=\"elementor-element elementor-element-9646aa4 e-grid e-con-boxed e-con e-parent\" data-id=\"9646aa4\" data-element_type=\"container\">\n\t\t\t\t\t<div class=\"e-con-inner\">\n\t\t\t\t<div class=\"elementor-element elementor-element-0813839 elementor-widget__width-initial elementor-widget elementor-widget-heading\" data-id=\"0813839\" data-element_type=\"widget\" data-widget_type=\"heading.default\">\n\t\t\t\t<div class=\"elementor-widget-container\">\n\t\t\t<h2 class=\"elementor-heading-title elementor-size-default\">Angelika Kusik<\/h2>\t\t<\/div>\n\t\t\t\t<\/div>\n\t\t\t\t\t<\/div>\n\t\t\t\t<\/div>\n\t\t\t\t<\/div>\n\t\t","protected":false},"excerpt":{"rendered":"<p>SZKOLENIA Szkolenia stacjonarne Szkolenie indywidualne Szkolenie jest praktyczne, kursant przygotowuje wszystko od pocz\u0105tku do ko\u0144casamodzielnie pod okiem szkoleniowca Zakres i program szkolenia ustalany jest indywidualne w zale\u017cno\u015bci od potrzebuczestnika Ka\u017cdy kursant zabiera ze sob\u0105 wszystkie przygotowane na szkoleniu wypieki, kt\u00f3rezostaj\u0105 starannie zapakowane w kartoniki Skrypt szkoleniowy oraz przepisy Certyfikat uko\u0144czenia szkolenia Faktura Szkolenie indywidualne mo\u017ce [&hellip;]<\/p>\n","protected":false},"author":1,"featured_media":0,"parent":0,"menu_order":0,"comment_status":"closed","ping_status":"closed","template":"template-homepage.php","meta":{"footnotes":""},"class_list":["post-10499","page","type-page","status-publish","hentry"],"jetpack_sharing_enabled":true,"_links":{"self":[{"href":"https:\/\/cakeartak.pl\/index.php\/wp-json\/wp\/v2\/pages\/10499","targetHints":{"allow":["GET"]}}],"collection":[{"href":"https:\/\/cakeartak.pl\/index.php\/wp-json\/wp\/v2\/pages"}],"about":[{"href":"https:\/\/cakeartak.pl\/index.php\/wp-json\/wp\/v2\/types\/page"}],"author":[{"embeddable":true,"href":"https:\/\/cakeartak.pl\/index.php\/wp-json\/wp\/v2\/users\/1"}],"replies":[{"embeddable":true,"href":"https:\/\/cakeartak.pl\/index.php\/wp-json\/wp\/v2\/comments?post=10499"}],"version-history":[{"count":6,"href":"https:\/\/cakeartak.pl\/index.php\/wp-json\/wp\/v2\/pages\/10499\/revisions"}],"predecessor-version":[{"id":11155,"href":"https:\/\/cakeartak.pl\/index.php\/wp-json\/wp\/v2\/pages\/10499\/revisions\/11155"}],"wp:attachment":[{"href":"https:\/\/cakeartak.pl\/index.php\/wp-json\/wp\/v2\/media?parent=10499"}],"curies":[{"name":"wp","href":"https:\/\/api.w.org\/{rel}","templated":true}]}}